94747 prime?
True
Is 191364473 a prime number?
False
Is 4451687 composite?
True
Is 52822243 prime?
True
Is 6443999 a prime number?
True
Is 31905353 prime?
True
Is 375450995 a composite number?
True
Is 697783 a prime number?
False
Is 36737399 a prime number?
True
Is 7853587 prime?
False
Is 808427 composite?
True
Is 3288581 composite?
True
Is 13223173 composite?
False
Is 1583447 a composite number?
False
Is 2286281 a composite number?
True
Is 16531747 a composite number?
False
Is 145955479 composite?
False
Is 260317 a prime number?
True
Is 3346901 composite?
False
Is 37261 a composite number?
True
Is 37207139 a composite number?
True
Is 27162791 composite?
False
Is 43222001 a composite number?
True
Is 83789071 prime?
False
Is 262908823 prime?
True
Is 4117721 a composite number?
True
Is 8370535 composite?
True
Is 3074623 prime?
True
Is 14555581 prime?
True
Is 1053725033 composite?
False
Is 2066767 a composite number?
False
Is 45628321 composite?
False
Is 2430979 a prime number?
True
Is 124087 a prime number?
True
Is 9974431 prime?
True
Is 387663043 composite?
False
Is 1313677 a prime number?
True
Is 1111333 a prime number?
True
Is 4374203 prime?
True
Is 5381653 a composite number?
False
Is 216843521 composite?
False
Is 4747859 a prime number?
False
Is 256379089 a prime number?
True
Is 617647 composite?
False
Is 284822533 a prime number?
True
Is 8378759 a composite number?
True
Is 422941762 prime?
False
Is 48440123 a prime number?
False
Is 60998809 a composite number?
True
Is 59202877 composite?
False
Is 47737 a prime number?
True
Is 1741601 a composite number?
True
Is 4199989 a composite number?
False
Is 1829419 prime?
False
Is 761993 a composite number?
False
Is 8622223 a composite number?
False
Is 12447689 composite?
True
Is 4281743 a prime number?
False
Is 76345019 a prime number?
True
Is 10727411 prime?
True
Is 6309871 a prime number?
True
Is 12604243 composite?
False
Is 33502465 a prime number?
False
Is 1001293 prime?
False
Is 38085451 composite?
True
Is 45219131 prime?
True
Is 111653855 a prime number?
False
Is 1493027 composite?
False
Is 5179481 composite?
False
Is 11311943 a composite number?
True
Is 65775869 prime?
True
Is 1818359 a composite number?
True
Is 8887 prime?
True
Is 55230209 a prime number?
True
Is 163069949 composite?
True
Is 8546089 composite?
True
Is 13114469 composite?
False
Is 32998813 a prime number?
False
Is 7510373 composite?
True
Is 9051047 prime?
True
Is 522779 a prime number?
False
Is 114409585 a prime number?
False
Is 1743667 a composite number?
True
Is 1548601 composite?
True
Is 6113753 composite?
False
Is 389787911 a prime number?
True
Is 600513 a prime number?
False
Is 371277253 composite?
True
Is 115056563 a composite number?
True
Is 81152191 a prime number?
True
Is 2139671 prime?
False
Is 415579 prime?
False
Is 4978663 a composite number?
True
Is 13221667 composite?
False
Is 42729847 a composite number?
True
Is 57469 prime?
False
Is 2054821 a prime number?
True
Is 8747863 a composite number?
False
Is 436350289 a prime number?
True
Is 30158251 a prime number?
False
Is 17234146 composite?
True
Is 16043491 composite?
False
Is 1102813 prime?
True
Is 6484979 composite?
False
Is 716645 a prime number?
False
Is 324661 composite?
False
Is 108780499 a prime number?
True
Is 165907283 a composite number?
False
Is 21347701 a composite number?
False
Is 15982349 prime?
True
Is 7888367 composite?
False
Is 168100897 a prime number?
True
Is 287649311 prime?
True
Is 22008247 a composite number?
False
Is 4658813 prime?
False
Is 23952697 prime?
True
Is 727049 prime?
True
Is 39126653 a prime number?
True
Is 63681989 prime?
False
Is 1293031 prime?
True
Is 107453699 a composite number?
False
Is 52293161 prime?
True
Is 11661719 a prime number?
False
Is 18027839 a prime number?
False
Is 169607239 composite?
False
Is 3131299 a prime number?
True
Is 186391 a composite number?
False
Is 340709 a prime number?
True
Is 11251969 a composite number?
False
Is 10241587 a composite number?
True
Is 9540181 composite?
True
Is 13542539 a prime number?
True
Is 27873647 a prime number?
True
Is 1012273 composite?
True
Is 55414213 a prime number?
True
Is 244821895 prime?
False
Is 15316537 a prime number?
False
Is 76867913 composite?
False
Is 2389753 a prime number?
False
Is 15343373 composite?
False
Is 20714531 composite?
False
Is 12015074 composite?
True
Is 19877509 prime?
False
Is 474689 prime?
False
Is 222934 a prime number?
False
Is 504022947 a composite number?
True
Is 4250149 composite?
False
Is 208893533 prime?
False
Is 48923593 prime?
False
Is 6270947 a composite number?
False
Is 20484497 a prime number?
False
Is 1286939 prime?
True
Is 7481923 composite?
True
Is 1528489 prime?
False
Is 7043441 a prime number?
True
Is 135768049 a prime number?
False
Is 10034357 a composite number?
False
Is 162938561 a composite number?
False
Is 6255761 composite?
False
Is 611283 a composite number?
True
Is 48773037 a composite number?
True
Is 34648543 a composite number?
False
Is 1074107 a prime number?
True
Is 38241149 composite?
False
Is 2458991 prime?
True
Is 2240621 composite?
True
Is 3986111 composite?
False
Is 19278587 composite?
False
Is 364985377 a prime number?
False
Is 52333033 a composite number?
False
Is 35437513 prime?
True
Is 74177953 prime?
False
Is 114810827 a prime number?
True
Is 181818561 a composite number?
True
Is 7062721 composite?
False
Is 5458001 prime?
True
Is 3759113 composite?
True
Is 729737 composite?
False
Is 256035599 composite?
False
Is 14673117 composite?
True
Is 13521023 a prime number?
True
Is 3099497 composite?
False
Is 28519199 prime?
True
Is 352926991 composite?
False
Is 212827 composite?
False
Is 26525527 composite?
True
Is 577356347 composite?
False
Is 42802717 a prime number?
True
Is 39256853 a composite number?
False
Is 9718847 prime?
False
Is 96850363 prime?
True
Is 39647209 a composite number?
True
Is 1712651 a composite number?
True
Is 6083641 composite?
False
Is 50896973 prime?
True
Is 231994309 prime?
True
Is 84636521 a prime number?
True
Is 87370273 composite?
True
Is 36112919 a prime number?
True
Is 49253 a prime number?
True
Is 8388143 a prime number?
False
Is 12714773 composite?
False
Is 53507851 prime?
False
Is 12173269 a composite number?
True
Is 1672379 prime?
True
Is 359105 composite?
True
Is 229910179 a composite number?
False
Is 31037399 a composite number?
False
Is 48906407 a prime number?
False
Is 36479659 composite?
True
Is 19984759 a prime number?
False
Is 72700597 a composite number?
True
Is 28439083 a prime number?
True
Is 6595462 a prime number?
False
Is 112751923 composite?
False
Is 16567387 prime?
True
Is 2784473 a prime number?
True
Is 13892729 a composite number?
False
Is 20796077 prime?
True
Is 5986817 a prime number?
True
Is 2829383 a composite number?
False
Is 1429523 a composite number?
False
Is 564985 a composite number?
True
Is 6734309 a prime number?
True
Is 13771903 a prime number?
False
Is 17338483 a composite number?
False
Is 292106321 composite?
True
Is 40065491 composite?
False
Is 9223381 a composite number?
True
Is 2378143 a prime number?
True
Is 27191 a prime number?
True
Is 4389647 a composite number?
False
Is 285372741 a composite number?
True
Is 1405319 prime?
True
Is 363911927 a composite number?
False
Is 52070017 a composite number?
False
Is 10635923 composite?
True
Is 83092697 prime?
True
Is 3236683 prime?
True
Is 240352763 a prime number?
False
Is 43322231 a prime number?
True
Is 2451337 prime?
False
Is 23966071 prime?
True
Is 85495367 prime?
True
Is 4822427 a prime number?
True
Is 46398379 prime?
True
Is 2274049 composite?
False
Is 777650899 composite?
False
Is 3945871 composite?
True
Is 112967 composite?
False
Is 17758577 a composite number?
False
Is 20345621 a composite number?
False
Is 19224217 composite?
True
Is 3613507 composite?
True
Is 344507 composite?
True
Is 77479109 composite?
False
Is 69337 prime?
True
Is 30709111 composite?
True
Is 4500161 prime?
True
Is 16967011 prime?
False
Is 2291851 a composite number?
False
Is 120923519 prime?
False
Is 17938231 a prime number?
True
Is 226529021 composite?
True
Is 54117815 prime?
False
Is 246474883 composite?
False
Is 6517241 a composite number?
True
Is 2849029 prime?
False
Is 69819865 prime?
False
Is 6236099 a composi